se 9?
17350040
What is 120120321202 (base 4) in base 2?
11000011000111001100010
Convert -252b7c (base 13) to base 2.
-11011001101101100011
What is 143106 (base 8) in base 12?
2545a
What is 1a23aa0 (base 11) in base 13?
9281c6
-10256556 (base 8) to base 2
-1000010101110101101110
Convert 101101000001110110010 (base 2) to base 12.
5b1a6a
Convert 33258052 (base 9) to base 13.
3449246
What is -4404054 (base 6) in base 2?
-110101011000000010
Convert 240301344 (base 5) to base 16.
10d5f5
-13312300133 (base 4) to base 8
-7666037
What is 1023302002 (base 4) in base 11?
1a2234
Convert 5041475 (base 9) to base 7.
31550510
Convert 36b6b (base 14) to base 8.
405513
-614673 (base 9) to base 3
-200111202110
-10001000010010001011 (base 2) to base 5
-120330334
-11100502 (base 6) to base 3
-121222220202
Convert 1022041 (base 5) to base 12.
9b0a
What is -110010001100100111 (base 2) in base 7?
-1514303
Convert -96493 (base 16) to base 13.
-187258
Convert -440468 (base 9) to base 6.
-5344442
What is 1100001111010001100 (base 2) in base 4?
1201322030
Convert 70d156 (base 15) to base 12.
19658a6
What is -91dd1 (base 15) in base 12?
-1a3521
What is -82a61 (base 11) in base 6?
-2332255
-714b08 (base 14) to base 11
-2177296
1010101110010011000 (base 2) to base 9
585006
What is -223001001030 (base 4) in base 6?
-1041405220
Convert a1ba32 (base 12) to base 7.
30333521
a37343 (base 11) to base 3
10010112210120
What is -7b598 (base 14) in base 13?
-a6851
3227a2 (base 14) to base 8
6363032
Convert 13310201010 (base 4) to base 11.
1180312
Convert -16baa7 (base 14) to base 9.
-1450207
What is 79a01 (base 11) in base 9?
185610
What is 12101122022201 (base 3) in base 7?
33236422
-230353 (base 8) to base 12
-3920b
17aa43 (base 12) to base 9
688166
What is -1d965c (base 14) in base 9?
-2000367
What is -285258 (base 9) in base 12?
-84b52
What is 539506 (base 13) in base 5?
1000302042
Convert -60634256 (base 7) to base 2.
-10011010001000110111110
What is -411424 (base 5) in base 10?
-13364
Convert -402157 (base 11) to base 8.
-2357611
-130324004 (base 5) to base 6
-21345013
Convert -345314 (base 8) to base 4.
-130223030
-39aa29 (base 16) to base 7
-44056552
What is -2041405 (base 7) in base 16?
-3bec6
What is -3b43b8 (base 12) in base 5?
-222411301
Convert 1056434 (base 8) to base 16.
45d1c
What is 1340342 (base 6) in base 11?
51637
Convert -11212011012 (base 4) to base 11.
-911a49
-1302141333 (base 5) to base 8
-14037755
Convert 58364 (base 10) to base 5.
3331424
Convert -2411061 (base 9) to base 12.
-530047
Convert cc4b8c (base 13) to base 3.
100001022201112
750136 (base 8) to base 14
67138
What is 573206 (base 12) in base 15?
1c8410
144442122 (base 5) to base 14
164836
What is -144334022 (base 5) in base 16?
-bdcab
What is 220210220001 (base 3) in base 13?
141385
Convert -5e14a (base 15) to base 14.
-7b806
33f8e (base 16) to base 15
4311d
Convert 41312104 (base 5) to base 7.
2606413
-21100122031 (base 4) to base 12
-990291
Convert 30010132231 (base 4) to base 12.
1087091
What is -40406a (base 12) in base 13?
-2912b9
2006011 (base 7) to base 5
30043424
101388 (base 10) to base 15
20093
Convert -1667643 (base 8) to base 16.
-76fa3
What is 2032121110 (base 4) in base 11?
36922a
What is -25535300 (base 6) in base 13?
-23403c
f4cf (base 16) to base 6
1202051
-2555333 (base 6) to base 7
-1121550
Convert -16440246 (base 7) to base 8.
-6101401
Convert 55a17 (base 12) to base 15.
23aa4
1310202211 (base 4) to base 7
4025455
What is 122012112210002 (base 3) in base 16?
8b8587
-201210201 (base 3) to base 6
-150501
Convert -736438 (base 10) to base 3.
-1101102012111
100001010010101011 (base 2) to base 8
412253
Convert 9a5db9 (base 15) to base 8.
34050127
What is -12112012100011 (base 3) in base 9?
-5465304
What is -515343 (base 6) in base 9?
-62700
Convert 3122202021 (base 4) to base 10.
895113
Convert -1ddbe (base 16) to base 11.
-83984
What is -1110011110001010110100 (base 2) in base 16?
-39e2b4
What is 60705 (base 11) in base 15?
1b433
What is -101101011111000111 (base 2) in base 11?
-117a84
What is 462638 (base 12) in base 5?
241432413
What is 199264 (base 15) in base 3?
2100022002011
-111010010001010001011 (base 2) to base 4
-13102022023
What is -153605 (base 12) in base 5?
-42433230
Convert -350120350 (base 6) to base 11.
-3705289
Convert 14254543 (base 7) to base 14.
26cbca
-271326 (base 11) to base 4
-1220011013
What is -24c1a1 (base 13) in base 12?
-367346
What is -1551304 (base 6) in base 11?
-6341a
What is 426606 (base 8) in base 12?
6a71a
What is -123121130223 (base 4) in base 9?
-14456016
-1aa840 (base 12) to base 2
-1110011111000110000
What is -20401433 (base 5) in base 15?
-35113
241331141 (base 5) to base 8
4215034
-3413114 (base 5) to base 11
-41428
Convert 142732 (base 9) to base 5.
10243342
-204334240 (base 5) to base 16
-d0e12
170755 (base 9) to base 15
21448
Convert 3130310 (base 6) to base 9.
251136
Convert -884336 (base 14) to base 2.
-10001101000010011011100
What is 45390 (base 13) in base 2?
11110101110011101
521434 (base 7) to base 16
15d39
Convert -707934 (base 13) to base 8.
-11765272
What is -1888723 (base 9) in base 16?
-103755
-100210012102 (base 3) to base 15
-3c102
1ade07 (base 16) to base 6
101423423
Convert -238ec (base 15) to base 5.
-12112042
220032132 (base 4) to base 16
2839e
Convert 112121101200100 (base 3) to base 6.
434215143
1762603 (base 8) to base 12
20b597
100112001033 (base 4) to base 7
51263145
What is -599825 (base 10) in base 2?
-10010010011100010001
Convert -7b6243 (base 13) to base 6.
-142421553
Convert -1100000100101101010010 (base 2) to base 3.
-12221210120121
Convert -54931 (base 11) to base 13.
-2a341
-1021120 (base 6) to base 15
-ea0c
-c68211 (base 14) to base 7
-111002121
Convert 172ab88 (base 14) to base 7.
165622431
Convert -65473574 (base 8) to base 10.
-14055292
Convert -19214 (base 12) to base 14.
-d49a
What is 112012201101 (base 3) in base 6?
5555014
What is 21200212020012 (base 3) in base 10?
4091315
What is 13220211223 (base 4) in base 3?
10202200012201
What is -607617 (base 11) in base 4?
-3232113233
Convert -101100000001100010011100 (base 2) to base 3.
-210201022202222
-15d8d24 (base 14) to base 2
-101000111110101101000100
What is 2000201212 (base 3) in base 8?
115736
Convert -364e35 (base 15) to base 2.
-1001111010011010101111
Convert 3046645 (base 8) to base 15.
10dd8e
What is -1111110001101000100 (base 2) in base 6?
-15025112
What is 780bb (base 15) in base 3?
201101101112
-346a04 (base 11) to base 6
-15450313
Convert 20121202022100 (base 3) to base 4.
31122332223
Convert -100100011011101000111001 (base 2) to base 12.
-3246a21
What is 190481 (base 10) in base 5?
22043411
Convert -48c35 (base 14) to base 5.
-21144030
-1000363 (base 9) to base 13
-158052
What is -19e29c (base 15) in base 7?
-13506525
Convert 1001111110110111110 (base 2) to base 15.
66dbc
What is -1101000010111010100110 (base 2) in base 7?
-41032206
What is 25742010 (base 8) in base 11?
3279474
16732777 (base 8) to base 7
45155535
Convert -485582 (base 10) to base 14.
-c8d66
51054403 (base 6) to base 8
5427403
Convert -3aa5750 (base 11) to base 9.
-14278703
What is 1c98cc (base 13) in base 7?
6151533
Convert -505554 (base 7) to base 8.
-250022
19883b (base 16) to base 7
20136232
What is -1949578 (base 13) in base 11?
-4761522
Convert 2bc13 (base 13) to base 2.
10100010110000101
What is -210bec (base 15) in base 6?
-53410040
Convert 243bc (base 14) to base 12.
43302
What is 104dac1 (base 14) in base 9?
15467200
-56a36 (base 14) to base 5
-23214202
Convert 10011100100001011001 (base 2) to base 4.
2130201121
What is 31d64 (base 14) in base 13?
42ba1
What is 3041443 (base 5) in base 16?
c1d7
-20120202110020 (base 3) to base 2
-1101010110001100110001
-653620 (base 7) to base 5
-12123214
Convert -6287542 (base 10) to base 16.
-5ff0b6
-1011112322311 (base 4) to base 8
-105267265
-20000012002 (base 3) to base 14
-31135
Convert 40330223 (base 7) to base 12.
115791b
What is 12011011011 (base 3) in base 7?
601516
What is 5236b (base 14) in base 9?
331848
-101010010110011100011 (base 2) to base 8
-5226343
What is 11243110 (base 6) in base 11?
218520
What is -216365 (base 7) in base 8?
-112573
440302020 (base 6) to base 7
123553140
-2538117 (base 10) to base 12
-a24